{"id":234,"date":"2013-02-04T18:50:09","date_gmt":"2013-02-04T17:50:09","guid":{"rendered":"http:\/\/www.vetorecords.de\/blog\/?page_id=234"},"modified":"2013-06-20T12:32:00","modified_gmt":"2013-06-20T11:32:00","slug":"impressum","status":"publish","type":"page","link":"https:\/\/www.vetorecords.com\/blog\/impressum\/","title":{"rendered":"Impressum"},"content":{"rendered":"<p>Diese Seite (vetorecords.de, vetorecords.com) und auch die zugeh\u00f6rige Facebook-Seite <a title=\"Vetorecords Facebook Page\" href=\"http:\/\/www.facebook.de\/vetorecords.blogger\">www.facebook.de\/vetorecords.blogger<\/a> wird herausgegeben und <strong>betrieben von<\/strong><\/p>\n<p>Frank Mauche \u00a0 \u00a0 \u00a0 \u00a0 \u00a0 \u00a0 \u00a0 \u00a0 \u00a0 \u00a0 \u00a0 \u00a0 \u00a0\u00a0 Nicole Erdmann<br \/>\nInselblick 13<br \/>\n15890 Eisenh\u00fcttenstadt\u00a0\u00a0\u00a0\u00a0\u00a0\u00a0\u00a0\u00a0\u00a0\u00a0\u00a0\u00a0 14480 Potsdam<\/p>\n<p>E-Mail: frank (at) vetorecords.de<br \/>\nnicky (at) vetorecords.de<\/p>\n<p><strong>Haftungsbeschr\u00e4nkung<\/strong><br \/>\nDie Inhalte dieser Website werden mit gr\u00f6\u00df\u009ftm\u00f6glicher Sorgfalt erstellt. Der Anbieter \u00fcbernimmt jedoch keine Gew\u00e4hr f\u00fcr die Richtigkeit, Vollst\u00e4ndigkeit und Aktualit\u00e4t der bereitgestellten Inhalte. Die Nutzung der Inhalte der Website erfolgt auf eigeneGefahr des Nutzers. Namentlich gekennzeichnete Beitr\u00e4ge geben die Meinung des jeweiligen Autors und nicht immer die Meinung des Anbieters wieder. Mit der reinen Nutzung der Website des Anbieters kommt keinerlei Vertragsverh\u00e4ltnis zwischen dem Nutzer und dem Anbieter zustande.<br \/>\n<strong><\/strong><\/p>\n<p><strong>Externe Links<\/strong><br \/>\nDiese Website enth\u00e4lt Verkn\u00fcpfungen zu Websites Dritter (&#8222;externe Links&#8220;). Diese Websites unterliegen der Haftung der jeweiligen Betreiber. Der Anbieter hat bei der erstmaligen Verkn\u00fcpfung der externen Links die fremden Inhalte daraufhin \u00fcberpr\u00fcft, ob etwaige Rechtsverst\u00f6\u00df\u009fe bestehen. Zu dem Zeitpunkt waren keine Rechtsverst\u00f6\u00df\u009fe ersichtlich. Der Anbieter hat keinerlei Einfluss auf die aktuelle und zuk\u00fcnftige Gestaltung und auf die Inhalte der verkn\u00fcpften Seiten. Das Setzen von externen Links bedeutet nicht, dass sich der Anbieter die hinter dem Verweis oder Link liegenden Inhalte zu Eigen macht. Eine st\u00c3\u00a4ndige Kontrolle der externen Links ist f\u00fcr den Anbieter ohne konkrete Hinweise auf Rechtsverst\u00f6\u00df\u009fe nicht zumutbar. Bei Kenntnis von Rechtsverst\u00f6\u00df\u009fen werden jedoch derartige externe Links unverz\u00fcglich gel\u00f6scht.<\/p>\n<p><strong>Datenschutz<\/strong><br \/>\nVetorecords.de respektiert die Privatsph\u00e4re eines jeden Besuchers und der Webauftritt h\u00e4llt sich an geltende Datenschutzgesetze. Wie bei vielen Websites werden auch bei einem Besuch von vetorecords.de vereinzelt Daten gespeichert, hierzu geh\u00f6ren die IP-Adresse, der Browser-Typ bzw. die Art des RSS-Clients des Nutzers sowie die Summe des Daten-Traffics und die Anzahl der betrachteten Dateien. Bei Kommentaren werden die Daten gespeichert, die der jeweilige Benutzer in den entsprechenden Formularfeldern hinterlassen hat. Die Datenerhebung dient der statistischen Auswertung bzw. der Anzeige von Kommentatoren-Namen. Es werden keine Nutzer-Daten oder Maildressen an Dritte weiter gegeben, ebenso versendet vetorecords.de keine Werbe-Mails.<\/p>\n<p>Der Anbieter weist ausdr\u00fccklich darauf hin, dass die Daten\u00fcbertragung im Internet (z.B. bei der Kommunikation per E-Mail) Sicherheitsl\u00fccken aufweisen und nicht l\u00fcckenlos vor dem Zugriff durch Dritte gesch\u00fctzt werden kann.<\/p>\n<p>Die Verwendung der Kontaktdaten des Impressums zur gewerblichen Werbung ist ausdr\u00fccklich nicht erw\u00fcnscht, es sei denn der Anbieter hatte zuvor seine schriftliche Einwilligung erteilt oder es besteht bereits eine Gesch\u00e4ftsbeziehung. Der Anbieter und alle auf dieser Website genannten Personen widersprechen hiermit jeder kommerziellen Verwendung und Weitergabe ihrer Daten<\/p>\n<p><strong>Nutzung der Kommentarfunktion<\/strong><br \/>\nF\u00fcr die Kommentare auf unseren Seiten zeichnen die jeweiligen Verfasser verantwortlich. Wir bitten darum, bei der Nutzung der Kommentarfunktion auf einen bedachten Umgang miteinander zu achten.<br \/>\nWir behalten uns die L\u00f6schung oder Bearbeitung einzelner Kommentare vor.<br \/>\nWerbung oder Verlinkungen auf kommerzielle Angebote innerhalb der Kommentare, die nicht im nachvollziehbaren Zusammenhang mit dem jeweiligen Artikel-Thema stehen, sind untersagt.<\/p>\n<p>&nbsp;<\/p>\n<p><em>Die Formulierungen dieses Impressums sind \u00fcbernommen von:<\/em><\/p>\n<ul>\n<li><a title=\"Muster Disclaimer Juraforum\" href=\"http:\/\/www.juraforum.de\/disclaimer_muster\/\" target=\"_blank\">http:\/\/www.juraforum.de\/disclaimer_muster<\/a><\/li>\n<li><a title=\"Spreeblick Impressum\" href=\"http:\/\/www.spreeblick.com\/impressum\/\" target=\"_blank\">http:\/\/www.spreeblick.com\/impressum\/<\/a><\/li>\n<\/ul>\n<p><em>Dar\u00fcber hinaus ist empfehlenswert:<\/em> <a title=\"Impressum Generator e-recht24\" href=\"http:\/\/www.e-recht24.de\/impressum-generator.html\" target=\"_blank\">http:\/\/www.e-recht24.de\/impressum-generator.html<\/a><\/p>\n","protected":false},"excerpt":{"rendered":"<p>Diese Seite (vetorecords.de, vetorecords.com) und auch die zugeh\u00f6rige Facebook-Seite www.facebook.de\/vetorecords.blogger wird herausgegeben und betrieben von Frank Mauche \u00a0 \u00a0 \u00a0 \u00a0 \u00a0 \u00a0 \u00a0 \u00a0 \u00a0 \u00a0 \u00a0 \u00a0 \u00a0\u00a0 Nicole Erdmann Inselblick 13 15890 Eisenh\u00fcttenstadt\u00a0\u00a0\u00a0\u00a0\u00a0\u00a0\u00a0\u00a0\u00a0\u00a0\u00a0\u00a0 14480 Potsdam E-Mail: frank &hellip; <a href=\"https:\/\/www.vetorecords.com\/blog\/impressum\/\">Weiterlesen <span class=\"meta-nav\">&rarr;<\/span><\/a><\/p>\n","protected":false},"author":1,"featured_media":0,"parent":0,"menu_order":0,"comment_status":"open","ping_status":"open","template":"","meta":{"footnotes":""},"class_list":["post-234","page","type-page","status-publish","hentry"],"_links":{"self":[{"href":"https:\/\/www.vetorecords.com\/blog\/wp-json\/wp\/v2\/pages\/234","targetHints":{"allow":["GET"]}}],"collection":[{"href":"https:\/\/www.vetorecords.com\/blog\/wp-json\/wp\/v2\/pages"}],"about":[{"href":"https:\/\/www.vetorecords.com\/blog\/wp-json\/wp\/v2\/types\/page"}],"author":[{"embeddable":true,"href":"https:\/\/www.vetorecords.com\/blog\/wp-json\/wp\/v2\/users\/1"}],"replies":[{"embeddable":true,"href":"https:\/\/www.vetorecords.com\/blog\/wp-json\/wp\/v2\/comments?post=234"}],"version-history":[{"count":7,"href":"https:\/\/www.vetorecords.com\/blog\/wp-json\/wp\/v2\/pages\/234\/revisions"}],"predecessor-version":[{"id":237,"href":"https:\/\/www.vetorecords.com\/blog\/wp-json\/wp\/v2\/pages\/234\/revisions\/237"}],"wp:attachment":[{"href":"https:\/\/www.vetorecords.com\/blog\/wp-json\/wp\/v2\/media?parent=234"}],"curies":[{"name":"wp","href":"https:\/\/api.w.org\/{rel}","templated":true}]}}